 divided by (4/(-6))/(u + 65/(-63)).
17
What is the remainder when 54/(-10) + 5 + 314/10 is divided by 11?
9
Let d = -19 + 38. Suppose -4*l + 372 = 4*q, -4*q - 4*l = -q - 279. Calculate the remainder when q is divided by d.
17
Let x(z) = z**2 + 16*z - 20. Let s be x(-18). Suppose 20*u - s*u - 24 = 0. Calculate the remainder when 30 is divided by u.
0
Suppose 2*p - 47 = -3*b + 135, -2*p + 2 = 0. Suppose -b = -0*j - 5*j. Suppose 4*v + 8 = -j, -u = -v - 44. What is the remainder when u is divided by 14?
11
Let m(x) = 20*x + 2. Let a(y) = -3*y**3 - 32*y**2 + 9*y - 1. Calculate the remainder when m(5) is divided by a(-11).
18
Suppose 3*n = 1 - 25. Let v = n - -11. Suppose -4*a = -v*h + 119, -4*h = -4*a - 154 - 6. What is the remainder when h is divided by 21?
20
Suppose -4*q + 5*k + 128 = 9, -2*q + 5*k + 57 = 0. Let b = q + -14. Calculate the remainder when 29 is divided by b.
12
Let l(u) = -39*u + 4. Let n(m) = -38*m + 5. Let w(j) = 6*l(j) - 5*n(j). What is the remainder when w(-3) is divided by 33?
32
Let h(p) be the first derivative of p**3/3 + 3*p**2 - 11*p + 4. Let b be h(-8). Suppose b*g + 21 - 51 = 0. What is the remainder when 16 is divided by g?
4
Suppose 4*l - 2*i - 10 = 0, 5*l + 0*i - 9 = -i. Let c = -8 + -2. What is the remainder when l*c*16/(-10) is divided by 11?
10
Let g(t) = 5*t**2 + 5*t + 7. Let r be g(-2). Let v = 2 + r. Suppose -3*u = -5*i + 103, 5*i - 92 - v = u. Calculate the remainder when i is divided by 8.
7
Let k(x) = x**3 - 6*x**2 + 7*x - 10. Let o be k(6). Let v = o + -30. What is the remainder when 2 is divided by v?
0
Suppose -4*o + p + 98 = -0*p, 2*o - 54 = -2*p. Suppose -2*s = a - o, s + 16 = 2*a - a. Let l = 29 + -18. What is the remainder when a is divided by l?
8
What is the remainder when 694 is divided by (-32)/(-40) - (-1 - 2284/20)?
114
Let y(i) = -2*i - i**3 - 2*i + 1 + 9*i**2 - 2*i**2. Suppose -14 = -4*p + 54. Calculate the remainder when y(5) is divided by p.
14
Let g(n) = -4*n - 28. Let t be g(-6). Let z(q) = -7*q - 4. What is the remainder when z(t) is divided by 14?
10
Suppose -2*k + 6 + 20 = 0. Let y = 18 - k. Suppose 2*g + 14 = v, 4*v - 66 = y*g - 4. Calculate the remainder when 71 is divided by v.
17
Let n be 14/5*10/4. Let s = -7 + n. Suppose s*b - 30 = -2*b. What is the remainder when b is divided by 4?
3
Let n be ((-9)/6 - -2)*180. Suppose 0 = -3*m + n - 21. Calculate the remainder when 67 is divided by m.
21
Let a(w) be the second derivative of w**5/20 + 7*w**4/6 + 13*w**3/6 + 5*w**2 + 13*w. Calculate the remainder when a(-13) is divided by 3.
1
Let o = 120 + 44. Calculate the remainder when o is divided by 33.
32
Calculate the remainder when 33 is divided by -16*12/42*(-14)/8.
1
Suppose 0 = -9*f + 321 - 69. Let k = f - 2. Calculate the remainder when 127 is divided by k.
23
Suppose -65*v - 7300 = -28100. What is the remainder when v is divided by 27?
23
Suppose n - 3*h - 32 = 0, n = -2*h - 1 + 18. Calculate the remainder when 482 is divided by n.
22
Let l(p) = -32*p + 234. What is the remainder when 163 is divided by l(6)?
37
Let y = -153 + 222. What is the remainder when y is divided by 7?
6
Let o be (-406)/35*(-15)/6. Let r = -59 + o. What is the remainder when 29 is divided by r/(-4) + (-6)/(-12)?
5
Let p = 74 - -12. Suppose -h - 83 = -2*d, 2*d - h = h + p. Let f(g) = g**3 - 10*g**2 + 13*g - 22. Calculate the remainder when d is divided by f(9).
12
Suppose 3*c - 21 = 2*c. Let r(t) = -23*t + 25. Let a be r(9). Calculate the remainder when c is divided by (-1974)/a + (-2)/(-13).
10
Let c(g) = -g**2 - 49*g - 91. What is the remainder when 464 is divided by c(-46)?
41
Let f(a) = a**2 - 14*a. Let r be f(12). Suppose c = 26 - 11. What is the remainder when (-756)/r*4/3 is divided by c?
12
Suppose 8*y - 15 = 1. Suppose -40 - 80 = -y*c. What is the remainder when c is divided by 21?
18
Let v(x) = 6*x**2 - 19*x - 4. Calculate the remainder when 347 is divided by v(4).
11
Calculate the remainder when 392 is divided by -2 + 3 + (0 - 0 - -98).
95
Let c = 461 - 319. Suppose 5*v - 5*x - 133 - 77 = 0, -5*x = 3*v - c. Calculate the remainder when v is divided by 5.
4
What is the remainder when 118 is divided by ((-9)/(0 - -18))/((-2)/60)?
13
Suppose 0 = l - 3*l + 204. Suppose 5*u + 4*f - 85 = 0, -f + 37 = -3*u + 5*u. What is the remainder when l is divided by u?
18
Calculate the remainder when 261 is divided by (-4 - 29)*(-8)/6.
41
Suppose 3*o - 8*o - 5*j = -30, -3*j = 4*o - 26. Suppose o*g = 9*g - 7. What is the remainder when g is divided by 5?
2
What is the remainder when 19 is divided by 1/(11 - 196/18)?
1
Let m(k) = -k**2 - 26*k + 157. What is the remainder when m(0) is divided by 79?
78
Let o = -12 + 12. Let n = -33 - -56. Suppose -x - n = -b, o*x = 4*x. Calculate the remainder when 45 is divided by b.
22
Let m = 260 - 257. What is the remainder when 17 is divided by m?
2
Let j = 47 - 27. Let x = j - 12. What is the remainder when 29 - 1*3/(-3) is divided by x?
6
Suppose -5*u + 348 = g, -9 = -2*g - g. Suppose 5*y - 6 = u. What is the remainder when 56 is divided by y?
11
Let m(f) = 4*f + 15. Let o be m(-3). What is the remainder when (-125)/(-4) - (o/(-4) + 1) is divided by 18?
13
Let p(y) = -y**3 - 9*y**2 - 7*y - 2. Let q be p(-8). Let r = 10 + q. Suppose -f = -g + 65, 3*g + r*g = f + 187. Calculate the remainder when g is divided by 21.
19
Suppose -1 = -2*p + 5. What is the remainder when 24 is divided by p/(-12) + (-228)/(-16)?
10
Suppose 2407*j - 2394*j - 429 = 0. Suppose 8 = k + 2. Calculate the remainder when j is divided by k.
3
Let i(v) be the second derivative of 5*v**3/2 - 17*v**2/2 - 10*v. Calculate the remainder when i(9) is divided by 24.
22
Let t = -12 + 83. Suppose -2*g = 4*r - 48, r = 4*g - 3*g - 21. Let j = g + t. What is the remainder when j is divided by 16?
13
Calculate the remainder when 1 + 4 + (-213)/(-3) + 0 is divided by 30.
16
Let x(v) = -v**3 + 9*v**2 - 9*v + 5. Let o be x(8). Calculate the remainder when 53 is divided by 12/8*(-22)/o.
9
Let s = 13 - 16. Let w = 5 - s. Let p(n) = n**2 - 8*n + 10. Calculate the remainder when 28 is divided by p(w).
8
Suppose -4*v - 40 = -2*g, g = -g + v + 34. What is the remainder when 45/1*(2 - 1) is divided by g?
13
Let u(a) = -136*a + 7. What is the remainder when u(-1) is divided by 48?
47
Let h(y) = -23*y + 157. Calculate the remainder when 187 is divided by h(6).
16
Suppose 9*u - 190 = 80. What is the remainder when 117 is divided by u?
27
Let u = -1161 + 1225. Calculate the remainder when u is divided by 40.
24
Let d(a) = 28*a**2 - 2*a - 5*a - 29*a**2 - 14*a. Calculate the remainder when 111 is divided by d(-19).
35
Let h(p) = p**2 + 20*p + 24. Let t be h(-19). Suppose t*u - 343 = -28. What is the remainder when u is divided by 22?
19
Let b(z) = -z**3 + 11*z**2 + 16*z - 108. What is the remainder when 343 is divided by b(6)?
7
Let w = -28 + 32. Suppose -2*x = w*l - 18, -12 = -2*l + 3*x - x. What is the remainder when 18 is divided by l?
3
Let k be ((-2)/6)/(3 - (-16)/(-6)). What is the remainder when (3/5)/(k/(-15)) is divided by 7?
2
Let w(b) = b**3 + 27*b**2 + 14*b - 166. Suppose -a + 15 = -35. What is the remainder when w(-26) is divided by a?
46
Let d(a) = -6*a - 87. Calculate the remainder when d(-19) is divided by 14.
13
Let z(y) = 4*y**2 + y. Let d be 18/22 + (-4)/(-22). Let q(a) = a**2 + 5*a - 64. Calculate the remainder when z(d) is divided by q(-11).
1
Let v = 487 + -379. What is the remainder when v is divided by 44?
20
Suppose 80*b - 1076 = 76*b. Calculate the remainder when b is divided by 8.
5
Let s(z) = z**3 + 6*z**2 - 2*z - 9. Suppose -5*m = 4*g + 56, g = -g - 4*m - 34. Let d = 16 + g. Calculate the remainder when d is divided by s(-6).
1
Let a = 434 + -415. Calculate the remainder when 474 is divided by a.
18
Suppose 12*x = -x + 481. Let n = -72 - -83. What is the remainder when x is divided by n?
4
Suppose 4*a - j = -12 - 4, -a + 3*j = 15. What is the remainder when 1 + 26/1 + a is divided by (-60)/(-18)*6/4?
4
Let l = 1506 + -1501. What is the remainder when 11 is divided by l?
1
Suppose 0*o = -o + 350. Let t be (o/(-56))/((-1)/16). Suppose 0 = -z + t - 23. What is the remainder when z is divided by 20?
17
Let d(h) = 12*h + 5. Calculate the remainder when 208 is divided by d(4).
49
Let j(h) = h**2 - 5*h + 4. Let b 